{"id":2670,"date":"2020-05-15T13:27:15","date_gmt":"2020-05-15T11:27:15","guid":{"rendered":"http:\/\/crm-umr8596.huma-num.fr\/Charleville\/?page_id=2670"},"modified":"2020-12-07T15:22:52","modified_gmt":"2020-12-07T14:22:52","slug":"exposition-prince-europe","status":"publish","type":"page","link":"https:\/\/crm-umr8596.huma-num.fr\/Charleville\/exposition-prince-europe\/","title":{"rendered":"Exposition : Charles de Gonzague prince de l\u2019Europe"},"content":{"rendered":"\t\t<div data-elementor-type=\"wp-post\" data-elementor-id=\"2670\" class=\"elementor elementor-2670\" data-elementor-settings=\"[]\">\n\t\t\t\t\t\t<div class=\"elementor-inner\">\n\t\t\t\t\t\t\t<div class=\"elementor-section-wrap\">\n\t\t\t\t\t\t\t<section class=\"has_eae_slider elementor-section elementor-top-section elementor-element elementor-element-797db47 elementor-section-content-middle elementor-section-boxed elementor-section-height-default elementor-section-height-default\" data-id=\"797db47\" data-element_type=\"section\" data-settings=\"{&quot;background_background&quot;:&quot;classic&quot;}\">\n\t\t\t\t\t\t\t<div class=\"elementor-background-overlay\"><\/div>\n\t\t\t\t\t\t\t<div class=\"elementor-container elementor-column-gap-no\">\n\t\t\t\t\t\t\t<div class=\"elementor-row\">\n\t\t\t\t\t<div class=\"has_eae_slider elementor-column elementor-col-100 elementor-top-column elementor-element elementor-element-b15b336\" data-id=\"b15b336\" data-element_type=\"column\">\n\t\t\t<div class=\"elementor-column-wrap\">\n\t\t\t\t\t\t\t<div class=\"elementor-widget-wrap\">\n\t\t\t\t\t\t\t\t<\/div>\n\t\t\t\t\t<\/div>\n\t\t<\/div>\n\t\t\t\t\t\t\t\t<\/div>\n\t\t\t\t\t<\/div>\n\t\t<\/section>\n\t\t\t\t<section class=\"has_eae_slider elementor-section elementor-top-section elementor-element elementor-element-abade5f elementor-section-content-middle elementor-reverse-mobile elementor-section-boxed elementor-section-height-default elementor-section-height-default\" data-id=\"abade5f\" data-element_type=\"section\">\n\t\t\t\t\t\t\t<div class=\"elementor-background-overlay\"><\/div>\n\t\t\t\t\t\t\t<div class=\"elementor-container elementor-column-gap-default\">\n\t\t\t\t\t\t\t<div class=\"elementor-row\">\n\t\t\t\t\t<div class=\"has_eae_slider elementor-column elementor-col-100 elementor-top-column elementor-element elementor-element-c275fd5\" data-id=\"c275fd5\" data-element_type=\"column\">\n\t\t\t<div class=\"elementor-column-wrap elementor-element-populated\">\n\t\t\t\t\t\t\t<div class=\"elementor-widget-wrap\">\n\t\t\t\t\t\t<div class=\"elementor-element elementor-element-15eedf7 elementor-widget elementor-widget-heading\" data-id=\"15eedf7\" data-element_type=\"widget\" data-widget_type=\"heading.default\">\n\t\t\t\t<div class=\"elementor-widget-container\">\n\t\t\t<h1 class=\"elementor-heading-title elementor-size-default\">Charles de Gonzague prince de l\u2019Europe<\/h1>\t\t<\/div>\n\t\t\t\t<\/div>\n\t\t\t\t<div class=\"elementor-element elementor-element-02dd8b0 elementor-widget-divider--view-line_icon elementor-view-default elementor-widget-divider--element-align-center elementor-widget elementor-widget-divider\" data-id=\"02dd8b0\" data-element_type=\"widget\" data-widget_type=\"divider.default\">\n\t\t\t\t<div class=\"elementor-widget-container\">\n\t\t\t\t\t<div class=\"elementor-divider\">\n\t\t\t<span class=\"elementor-divider-separator\">\n\t\t\t\t\t\t\t<div class=\"elementor-icon elementor-divider__element\">\n\t\t\t\t\t<i aria-hidden=\"true\" class=\"fas fa-eye\"><\/i><\/div>\n\t\t\t\t\t\t<\/span>\n\t\t<\/div>\n\t\t\t\t<\/div>\n\t\t\t\t<\/div>\n\t\t\t\t<div class=\"elementor-element elementor-element-326dec1 elementor-widget elementor-widget-text-editor\" data-id=\"326dec1\" data-element_type=\"widget\" data-widget_type=\"text-editor.default\">\n\t\t\t\t<div class=\"elementor-widget-container\">\n\t\t\t\t\t\t\t\t<div class=\"elementor-text-editor elementor-clearfix\">\n\t\t\t\t<p>Exposition au Mus\u00e9e de l\u2019Ardenne<br \/>&#8211; 17 septembre 2016 au 26 f\u00e9vrier 2017 &#8211;<\/p>\t\t\t\t\t<\/div>\n\t\t\t\t\t\t<\/div>\n\t\t\t\t<\/div>\n\t\t\t\t\t\t<\/div>\n\t\t\t\t\t<\/div>\n\t\t<\/div>\n\t\t\t\t\t\t\t\t<\/div>\n\t\t\t\t\t<\/div>\n\t\t<\/section>\n\t\t\t\t<section class=\"has_eae_slider elementor-section elementor-top-section elementor-element elementor-element-dabb8c8 elementor-section-boxed elementor-section-height-default elementor-section-height-default\" data-id=\"dabb8c8\" data-element_type=\"section\" data-settings=\"{&quot;background_background&quot;:&quot;classic&quot;}\">\n\t\t\t\t\t\t\t<div class=\"elementor-background-overlay\"><\/div>\n\t\t\t\t\t\t\t<div class=\"elementor-container elementor-column-gap-default\">\n\t\t\t\t\t\t\t<div class=\"elementor-row\">\n\t\t\t\t\t<div class=\"has_eae_slider elementor-column elementor-col-50 elementor-top-column elementor-element elementor-element-0ae65ec\" data-id=\"0ae65ec\" data-element_type=\"column\" data-settings=\"{&quot;background_background&quot;:&quot;classic&quot;}\">\n\t\t\t<div class=\"elementor-column-wrap elementor-element-populated\">\n\t\t\t\t\t\t\t<div class=\"elementor-widget-wrap\">\n\t\t\t\t\t\t<div class=\"elementor-element elementor-element-1ed05de elementor-widget elementor-widget-image\" data-id=\"1ed05de\" data-element_type=\"widget\" data-widget_type=\"image.default\">\n\t\t\t\t<div class=\"elementor-widget-container\">\n\t\t\t\t\t\t\t\t<div class=\"elementor-image\">\n\t\t\t\t\t\t\t\t\t\t\t\t<img width=\"938\" height=\"1370\" src=\"https:\/\/crm-umr8596.huma-num.fr\/Charleville\/wp-content\/uploads\/2020\/12\/Exposition_-fig-1_afficheb.jpg\" class=\"attachment-full size-full\" alt=\"\" loading=\"lazy\" \/>\t\t\t\t\t\t\t\t\t\t\t\t\t\t<\/div>\n\t\t\t\t\t\t<\/div>\n\t\t\t\t<\/div>\n\t\t\t\t\t\t<\/div>\n\t\t\t\t\t<\/div>\n\t\t<\/div>\n\t\t\t\t<div class=\"has_eae_slider elementor-column elementor-col-50 elementor-top-column elementor-element elementor-element-a7170cb\" data-id=\"a7170cb\" data-element_type=\"column\">\n\t\t\t<div class=\"elementor-column-wrap elementor-element-populated\">\n\t\t\t\t\t\t\t<div class=\"elementor-widget-wrap\">\n\t\t\t\t\t\t<section class=\"has_eae_slider elementor-section elementor-inner-section elementor-element elementor-element-7ff599e elementor-section-content-middle elementor-section-boxed elementor-section-height-default elementor-section-height-default\" data-id=\"7ff599e\" data-element_type=\"section\">\n\t\t\t\t\t\t<div class=\"elementor-container elementor-column-gap-default\">\n\t\t\t\t\t\t\t<div class=\"elementor-row\">\n\t\t\t\t\t<div class=\"has_eae_slider elementor-column elementor-col-50 elementor-inner-column elementor-element elementor-element-2e119c7\" data-id=\"2e119c7\" data-element_type=\"column\">\n\t\t\t<div class=\"elementor-column-wrap elementor-element-populated\">\n\t\t\t\t\t\t\t<div class=\"elementor-widget-wrap\">\n\t\t\t\t\t\t<div class=\"elementor-element elementor-element-e1eb63d elementor-widget elementor-widget-image\" data-id=\"e1eb63d\" data-element_type=\"widget\" data-widget_type=\"image.default\">\n\t\t\t\t<div class=\"elementor-widget-container\">\n\t\t\t\t\t\t\t\t<div class=\"elementor-image\">\n\t\t\t\t\t\t\t\t\t\t\t\t<img width=\"150\" height=\"150\" src=\"https:\/\/crm-umr8596.huma-num.fr\/Charleville\/wp-content\/uploads\/2018\/11\/photo_CLaude_Grimmer.png\" class=\"attachment-full size-full\" alt=\"\" loading=\"lazy\" \/>\t\t\t\t\t\t\t\t\t\t\t\t\t\t<\/div>\n\t\t\t\t\t\t<\/div>\n\t\t\t\t<\/div>\n\t\t\t\t\t\t<\/div>\n\t\t\t\t\t<\/div>\n\t\t<\/div>\n\t\t\t\t<div class=\"has_eae_slider elementor-column elementor-col-50 elementor-inner-column elementor-element elementor-element-6a81f90\" data-id=\"6a81f90\" data-element_type=\"column\">\n\t\t\t<div class=\"elementor-column-wrap elementor-element-populated\">\n\t\t\t\t\t\t\t<div class=\"elementor-widget-wrap\">\n\t\t\t\t\t\t<div class=\"elementor-element elementor-element-64cebe8 elementor-widget elementor-widget-heading\" data-id=\"64cebe8\" data-element_type=\"widget\" data-widget_type=\"heading.default\">\n\t\t\t\t<div class=\"elementor-widget-container\">\n\t\t\t<h4 class=\"elementor-heading-title elementor-size-default\">Commissaire de l\u2019exposition :<\/h4>\t\t<\/div>\n\t\t\t\t<\/div>\n\t\t\t\t<div class=\"elementor-element elementor-element-fb08c38 elementor-widget elementor-widget-heading\" data-id=\"fb08c38\" data-element_type=\"widget\" data-widget_type=\"heading.default\">\n\t\t\t\t<div class=\"elementor-widget-container\">\n\t\t\t<h4 class=\"elementor-heading-title elementor-size-default\">Claude Grimmer, <br>ma\u00eetresse de conf\u00e9rence de l\u2019universit\u00e9 de Clermont-Auvergne, chercheuse associ\u00e9e du Centre Roland Mousnier<\/h4>\t\t<\/div>\n\t\t\t\t<\/div>\n\t\t\t\t\t\t<\/div>\n\t\t\t\t\t<\/div>\n\t\t<\/div>\n\t\t\t\t\t\t\t\t<\/div>\n\t\t\t\t\t<\/div>\n\t\t<\/section>\n\t\t\t\t<div class=\"elementor-element elementor-element-93d90f1 elementor-hidden-phone elementor-widget elementor-widget-heading\" data-id=\"93d90f1\" data-element_type=\"widget\" data-widget_type=\"heading.default\">\n\t\t\t\t<div class=\"elementor-widget-container\">\n\t\t\t<h5 class=\"elementor-heading-title elementor-size-default\">Affiche de l\u2019exposition<\/h5>\t\t<\/div>\n\t\t\t\t<\/div>\n\t\t\t\t<div class=\"elementor-element elementor-element-f7d5ad3 elementor-widget elementor-widget-heading\" data-id=\"f7d5ad3\" data-element_type=\"widget\" data-widget_type=\"heading.default\">\n\t\t\t\t<div class=\"elementor-widget-container\">\n\t\t\t<h2 class=\"elementor-heading-title elementor-size-default\">R\u00e9sum\u00e9<\/h2>\t\t<\/div>\n\t\t\t\t<\/div>\n\t\t\t\t<div class=\"elementor-element elementor-element-820708b elementor-widget elementor-widget-text-editor\" data-id=\"820708b\" data-element_type=\"widget\" data-widget_type=\"text-editor.default\">\n\t\t\t\t<div class=\"elementor-widget-container\">\n\t\t\t\t\t\t\t\t<div class=\"elementor-text-editor elementor-clearfix\">\n\t\t\t\t<p>De la Reine Margot au Bossu en passant par la Princesse de Cl\u00e8ves, la prestigieuse et romanesque famille de Gonzague est une source d\u2019inspiration \u00e9tonnante pour la litt\u00e9rature. Si \u00e0 Charleville on conna\u00eet <strong>Charles de Gonzague<\/strong>, le fondateur de la ville, en France, on conna\u00eet le<strong> duc de Nevers<\/strong>, et au-del\u00e0 des Alpes, <strong>Charles 1<sup>er<\/sup> duc de Mantoue<\/strong>, pourtant c\u2019est bien un seul et m\u00eame homme qui a eu plusieurs vies ! L\u2019exposition Charles de Gonzague, prince de l\u2019Europe, est la <strong>premi\u00e8re synth\u00e8se europ\u00e9enne<\/strong> sur ce personnage de premier plan, prot\u00e9iforme et surprenant.<\/p>\t\t\t\t\t<\/div>\n\t\t\t\t\t\t<\/div>\n\t\t\t\t<\/div>\n\t\t\t\t\t\t<\/div>\n\t\t\t\t\t<\/div>\n\t\t<\/div>\n\t\t\t\t\t\t\t\t<\/div>\n\t\t\t\t\t<\/div>\n\t\t<\/section>\n\t\t\t\t\t\t<\/div>\n\t\t\t\t\t\t<\/div>\n\t\t\t\t\t<\/div>\n\t\t","protected":false},"excerpt":{"rendered":"<p>Charles de Gonzague prince de l\u2019Europe Exposition au Mus\u00e9e de l\u2019Ardenne&#8211; 17 septembre 2016 au 26 f\u00e9vrier 2017 &#8211; Commissaire de l\u2019exposition : Claude Grimmer, ma\u00eetresse de conf\u00e9rence de l\u2019universit\u00e9 de Clermont-Auvergne, chercheuse associ\u00e9e du Centre Roland Mousnier Affiche de l\u2019exposition R\u00e9sum\u00e9 De la Reine Margot au Bossu en passant par la Princesse de Cl\u00e8ves, &hellip;<\/p>\n<p class=\"read-more\"> <a class=\"\" href=\"https:\/\/crm-umr8596.huma-num.fr\/Charleville\/exposition-prince-europe\/\"> <span class=\"screen-reader-text\">Exposition : Charles de Gonzague prince de l\u2019Europe<\/span> Lire la suite\u00a0\u00bb<\/a><\/p>\n","protected":false},"author":1,"featured_media":0,"parent":0,"menu_order":0,"comment_status":"closed","ping_status":"closed","template":"","meta":[],"_links":{"self":[{"href":"https:\/\/crm-umr8596.huma-num.fr\/Charleville\/wp-json\/wp\/v2\/pages\/2670"}],"collection":[{"href":"https:\/\/crm-umr8596.huma-num.fr\/Charleville\/wp-json\/wp\/v2\/pages"}],"about":[{"href":"https:\/\/crm-umr8596.huma-num.fr\/Charleville\/wp-json\/wp\/v2\/types\/page"}],"author":[{"embeddable":true,"href":"https:\/\/crm-umr8596.huma-num.fr\/Charleville\/wp-json\/wp\/v2\/users\/1"}],"replies":[{"embeddable":true,"href":"https:\/\/crm-umr8596.huma-num.fr\/Charleville\/wp-json\/wp\/v2\/comments?post=2670"}],"version-history":[{"count":90,"href":"https:\/\/crm-umr8596.huma-num.fr\/Charleville\/wp-json\/wp\/v2\/pages\/2670\/revisions"}],"predecessor-version":[{"id":7826,"href":"https:\/\/crm-umr8596.huma-num.fr\/Charleville\/wp-json\/wp\/v2\/pages\/2670\/revisions\/7826"}],"wp:attachment":[{"href":"https:\/\/crm-umr8596.huma-num.fr\/Charleville\/wp-json\/wp\/v2\/media?parent=2670"}],"curies":[{"name":"wp","href":"https:\/\/api.w.org\/{rel}","templated":true}]}}

<div data-elementor-type="wp-post" data-elementor-id="2670" class="elementor elementor-2670" data-elementor-settings="[]">
						<div class="elementor-inner">
							<div class="elementor-section-wrap">
							<section class="has_eae_slider elementor-section elementor-top-section elementor-element elementor-element-797db47 elementor-section-content-middle elementor-section-boxed elementor-section-height-default elementor-section-height-default" data-id="797db47" data-element_type="section" data-settings="{&quot;background_background&quot;:&quot;classic&quot;}">
							<div class="elementor-background-overlay"></div>
							<div class="elementor-container elementor-column-gap-no">
							<div class="elementor-row">
					<div class="has_eae_slider elementor-column elementor-col-100 elementor-top-column elementor-element elementor-element-b15b336" data-id="b15b336" data-element_type="column">
			<div class="elementor-column-wrap">
							<div class="elementor-widget-wrap">
								</div>
					</div>
		</div>
								</div>
					</div>
		</section>
				<section class="has_eae_slider elementor-section elementor-top-section elementor-element elementor-element-abade5f elementor-section-content-middle elementor-reverse-mobile elementor-section-boxed elementor-section-height-default elementor-section-height-default" data-id="abade5f" data-element_type="section">
							<div class="elementor-background-overlay"></div>
							<div class="elementor-container elementor-column-gap-default">
							<div class="elementor-row">
					<div class="has_eae_slider elementor-column elementor-col-100 elementor-top-column elementor-element elementor-element-c275fd5" data-id="c275fd5" data-element_type="column">
			<div class="elementor-column-wrap elementor-element-populated">
							<div class="elementor-widget-wrap">
						<div class="elementor-element elementor-element-15eedf7 elementor-widget elementor-widget-heading" data-id="15eedf7" data-element_type="widget" data-widget_type="heading.default">
				<div class="elementor-widget-container">
			<h1 class="elementor-heading-title elementor-size-default">Charles de Gonzague prince de l’Europe</h1>		</div>
				</div>
				<div class="elementor-element elementor-element-02dd8b0 elementor-widget-divider--view-line_icon elementor-view-default elementor-widget-divider--element-align-center elementor-widget elementor-widget-divider" data-id="02dd8b0" data-element_type="widget" data-widget_type="divider.default">
				<div class="elementor-widget-container">
					<div class="elementor-divider">
			<span class="elementor-divider-separator">
							<div class="elementor-icon elementor-divider__element">
					<i aria-hidden="true" class="fas fa-eye"></i></div>
						</span>
		</div>
				</div>
				</div>
				<div class="elementor-element elementor-element-326dec1 elementor-widget elementor-widget-text-editor" data-id="326dec1" data-element_type="widget" data-widget_type="text-editor.default">
				<div class="elementor-widget-container">
								<div class="elementor-text-editor elementor-clearfix">
				<p>Exposition au Musée de l’Ardenne<br />&#8211; 17 septembre 2016 au 26 février 2017 &#8211;</p>					</div>
						</div>
				</div>
						</div>
					</div>
		</div>
								</div>
					</div>
		</section>
				<section class="has_eae_slider elementor-section elementor-top-section elementor-element elementor-element-dabb8c8 elementor-section-boxed elementor-section-height-default elementor-section-height-default" data-id="dabb8c8" data-element_type="section" data-settings="{&quot;background_background&quot;:&quot;classic&quot;}">
							<div class="elementor-background-overlay"></div>
							<div class="elementor-container elementor-column-gap-default">
							<div class="elementor-row">
					<div class="has_eae_slider elementor-column elementor-col-50 elementor-top-column elementor-element elementor-element-0ae65ec" data-id="0ae65ec" data-element_type="column" data-settings="{&quot;background_background&quot;:&quot;classic&quot;}">
			<div class="elementor-column-wrap elementor-element-populated">
							<div class="elementor-widget-wrap">
						<div class="elementor-element elementor-element-1ed05de elementor-widget elementor-widget-image" data-id="1ed05de" data-element_type="widget" data-widget_type="image.default">
				<div class="elementor-widget-container">
								<div class="elementor-image">
												<img width="938" height="1370" src="https://crm-umr8596.huma-num.fr/Charleville/wp-content/uploads/2020/12/Exposition_-fig-1_afficheb.jpg" class="attachment-full size-full" alt="" loading="lazy" />														</div>
						</div>
				</div>
						</div>
					</div>
		</div>
				<div class="has_eae_slider elementor-column elementor-col-50 elementor-top-column elementor-element elementor-element-a7170cb" data-id="a7170cb" data-element_type="column">
			<div class="elementor-column-wrap elementor-element-populated">
							<div class="elementor-widget-wrap">
						<section class="has_eae_slider elementor-section elementor-inner-section elementor-element elementor-element-7ff599e elementor-section-content-middle elementor-section-boxed elementor-section-height-default elementor-section-height-default" data-id="7ff599e" data-element_type="section">
						<div class="elementor-container elementor-column-gap-default">
							<div class="elementor-row">
					<div class="has_eae_slider elementor-column elementor-col-50 elementor-inner-column elementor-element elementor-element-2e119c7" data-id="2e119c7" data-element_type="column">
			<div class="elementor-column-wrap elementor-element-populated">
							<div class="elementor-widget-wrap">
						<div class="elementor-element elementor-element-e1eb63d elementor-widget elementor-widget-image" data-id="e1eb63d" data-element_type="widget" data-widget_type="image.default">
				<div class="elementor-widget-container">
								<div class="elementor-image">
												<img width="150" height="150" src="https://crm-umr8596.huma-num.fr/Charleville/wp-content/uploads/2018/11/photo_CLaude_Grimmer.png" class="attachment-full size-full" alt="" loading="lazy" />														</div>
						</div>
				</div>
						</div>
					</div>
		</div>
				<div class="has_eae_slider elementor-column elementor-col-50 elementor-inner-column elementor-element elementor-element-6a81f90" data-id="6a81f90" data-element_type="column">
			<div class="elementor-column-wrap elementor-element-populated">
							<div class="elementor-widget-wrap">
						<div class="elementor-element elementor-element-64cebe8 elementor-widget elementor-widget-heading" data-id="64cebe8" data-element_type="widget" data-widget_type="heading.default">
				<div class="elementor-widget-container">
			<h4 class="elementor-heading-title elementor-size-default">Commissaire de l’exposition :</h4>		</div>
				</div>
				<div class="elementor-element elementor-element-fb08c38 elementor-widget elementor-widget-heading" data-id="fb08c38" data-element_type="widget" data-widget_type="heading.default">
				<div class="elementor-widget-container">
			<h4 class="elementor-heading-title elementor-size-default">Claude Grimmer, <br>maîtresse de conférence de l’université de Clermont-Auvergne, chercheuse associée du Centre Roland Mousnier</h4>		</div>
				</div>
						</div>
					</div>
		</div>
								</div>
					</div>
		</section>
				<div class="elementor-element elementor-element-93d90f1 elementor-hidden-phone elementor-widget elementor-widget-heading" data-id="93d90f1" data-element_type="widget" data-widget_type="heading.default">
				<div class="elementor-widget-container">
			<h5 class="elementor-heading-title elementor-size-default">Affiche de l’exposition</h5>		</div>
				</div>
				<div class="elementor-element elementor-element-f7d5ad3 elementor-widget elementor-widget-heading" data-id="f7d5ad3" data-element_type="widget" data-widget_type="heading.default">
				<div class="elementor-widget-container">
			<h2 class="elementor-heading-title elementor-size-default">Résumé</h2>		</div>
				</div>
				<div class="elementor-element elementor-element-820708b elementor-widget elementor-widget-text-editor" data-id="820708b" data-element_type="widget" data-widget_type="text-editor.default">
				<div class="elementor-widget-container">
								<div class="elementor-text-editor elementor-clearfix">
				<p>De la Reine Margot au Bossu en passant par la Princesse de Clèves, la prestigieuse et romanesque famille de Gonzague est une source d’inspiration étonnante pour la littérature. Si à Charleville on connaît <strong>Charles de Gonzague</strong>, le fondateur de la ville, en France, on connaît le<strong> duc de Nevers</strong>, et au-delà des Alpes, <strong>Charles 1<sup>er</sup> duc de Mantoue</strong>, pourtant c’est bien un seul et même homme qui a eu plusieurs vies ! L’exposition Charles de Gonzague, prince de l’Europe, est la <strong>première synthèse européenne</strong> sur ce personnage de premier plan, protéiforme et surprenant.</p>					</div>
						</div>
				</div>
						</div>
					</div>
		</div>
								</div>
					</div>
		</section>
						</div>
						</div>
					</div>

<p>Charles de Gonzague prince de l’Europe Exposition au Musée de l’Ardenne&#8211; 17 septembre 2016 au 26 février 2017 &#8211; Commissaire de l’exposition : Claude Grimmer, maîtresse de conférence de l’université de Clermont-Auvergne, chercheuse associée du Centre Roland Mousnier Affiche de l’exposition Résumé De la Reine Margot au Bossu en passant par la Princesse de Clèves, &hellip;</p>
<p class="read-more"> <a class="" href="https://crm-umr8596.huma-num.fr/Charleville/exposition-prince-europe/"> <span class="screen-reader-text">Exposition : Charles de Gonzague prince de l’Europe</span> Lire la suite »</a></p>
